?
17562
In base 2, what is 1111101000011011 - -100?
1111101000011111
In base 6, what is -10421312 + 11?
-10421301
In base 14, what is 6 + -575d?
-5757
In base 4, what is 20 - 202?
-122
In base 15, what is 6 + 3969?
3970
In base 14, what is 3 - 14a76?
-14a73
In base 6, what is -525135 + 13?
-525122
In base 6, what is -2 - 1255034?
-1255040
In base 16, what is f + 2827f?
2828e
In base 3, what is -12100210 - 0?
-12100210
In base 6, what is -54233 + 14?
-54215
In base 10, what is 102 + -402?
-300
In base 15, what is 295e4 + -12?
295d2
In base 4, what is -13323023 - -12?
-13323011
In base 11, what is -68 + -7662?
-771a
In base 3, what is 122 - -1221020?
1221212
In base 13, what is 175b1 + -1a?
17594
In base 7, what is -335402 + -1?
-335403
In base 11, what is -600 + -1179?
-1779
In base 12, what is -1471 + -42?
-14b3
In base 11, what is -3 - 9818?
-9820
In base 15, what is 41 + -10a8?
-1067
In base 9, what is -108 + 40?
-58
In base 10, what is -4 - -14949?
14945
In base 5, what is -11 + 1022042?
1022031
In base 14, what is 6 + -13471?
-13469
In base 15, what is -12 + 149?
137
In base 16, what is 7 - 47b?
-474
In base 12, what is -3 - 16b16?
-16b19
In base 12, what is 153 - 559?
-406
In base 3, what is -101002020 + -10?
-101002100
In base 12, what is -126135 - -3?
-126132
In base 4, what is -30232 - 32102?
-123000
In base 10, what is 1 + -12734?
-12733
In base 4, what is -10 - 3023022?
-3023032
In base 11, what is 77018 + 4?
77021
In base 13, what is 13281 + -2?
1327c
In base 14, what is 6270 + 1?
6271
In base 6, what is -1422303 + -53?
-1422400
In base 14, what is c66 + -16?
c50
In base 2, what is 110 + -1100100101011?
-1100100100101
In base 6, what is -45112 + 1?
-45111
In base 9, what is -888637 + 13?
-888624
In base 12, what is -15 + 27328?
27313
In base 7, what is 12505640 + 4?
12505644
In base 10, what is -1615 - 46?
-1661
In base 8, what is 232 + 230?
462
In base 10, what is -2 - -63554?
63552
In base 7, what is -26032 + -11?
-26043
In base 5, what is 33 - -13030?
13113
In base 3, what is -2211222102 + -2?
-2211222111
In base 7, what is -30 + 1640133?
1640103
In base 6, what is -4123 + -1122?
-5245
In base 14, what is 9d28 - -17?
9d41
In base 5, what is -322203 + 11?
-322142
In base 10, what is 5765 - 8?
5757
In base 2, what is 101011010101010101011 - 0?
101011010101010101011
In base 16, what is 6b5f - 5?
6b5a
In base 9, what is 214 - 337?
-123
In base 12, what is 55 - 850?
-7b7
In base 6, what is -13250105 - -10?
-13250055
In base 5, what is -11003412 + 10?
-11003402
In base 16, what is 2 + 4513?
4515
In base 2, what is 10000000001010 + -1001?
10000000000001
In base 2, what is -100010010001101 - 0?
-100010010001101
In base 9, what is -3 + -46007?
-46011
In base 12, what is -4025 - b1?
-4116
In base 6, what is -31121 + 20?
-31101
In base 4, what is 12321100 - -3?
12321103
In base 12, what is 9 - -a72?
a7b
In base 12, what is 4011 + 268?
4279
In base 4, what is -1212011110 + 3?
-1212011101
In base 14, what is 1 - -17500?
17501
In base 9, what is -8765 - -17?
-8747
In base 9, what is 0 - 331508?
-331508
In base 10, what is -21 - -3087?
3066
In base 5, what is 3402 + 243?
4200
In base 13, what is 3 + -5502?
-54cc
In base 3, what is 200110211 - -12?
200111000
In base 13, what is 60 + -1a3?
-143
In base 5, what is -123 + -13231?
-13404
In base 4, what is -13 - 200103210?
-200103223
In base 9, what is 4621767 - -5?
4621773
In base 5, what is 3 + -3323211?
-3323203
In base 3, what is -11 - 2100110020?
-2100110101
In base 12, what is -25b + 14?
-247
In base 2, what is 100 + -10010000010100010101?
-10010000010100010001
In base 14, what is 25b2 + 1b6?
2788
In base 16, what is 5 + 18ac61?
18ac66
In base 5, what is 30 + -444413?
-444333
In base 6, what is 1144 - -13013?
14201
In base 9, what is -3 + -208040?
-208043
In base 3, what is 22020011122 + 10?
22020011202
In base 2, what is 100001 - 11011110111?
-11011010110
In base 16, what is -4 - 6ac1?
-6ac5
In base 3, what is 2112000 + -11?
2111212
In base 6, what is 3412 + 1212?
5024
In base 6, what is -4 - -31451?
31443
In base 3, what is 112112112111 - 21?
112112112020
In base 15, what is -ea61 + 19?
-ea47
In base 3, what is 10110 + -11010?
-200
In base 12, what is 5 - 728?
-723
In base 7, what is -456 + 2?
-454
In base 16, what is 3 - 143c?
-1439
In base 3, what is -200110 + -1221000?
-2121110
In base 16, what is -97 + -d123?
-d1ba
In base 3, what is -1211 + 222221110?
222212122
In base 11, what is 4 + 1752?
1756
In base 14, what is 37 - -3225?
325c
In base 6, what is -1304 + 3320?
2012
In base 3, what is 100100 + -1022?
22001
In base 15, what is -5 + -222b5?
-222ba
In base 4, what is 21331033120 - 1?
21331033113
In base 16, what is 6 - 4fe3?
-4fdd
In base 12, what is -335 - -181?
-174
In base 8, what is 5 - 146057?
-146052
In base 10, what is -13 + 18133?
18120
In base 15, what is 1ddab + 1?
1ddac
In base 5, what is 240332 + -2400?
232432
In base 3, what is -1 + -111221011020?
-111221011021
In base 13, what is -63 - -112b?
1098
In base 2, what is -100 + 1101110001110?
1101110001010
In base 10, what is -46 + -15?
-61
In base 8, what is -4314 - -23?
-4271
In base 16, what is -1 - -32167?
32166
In base 11, what is -1 - -a013?
a012
In base 13, what is 37 - -2585?
25bc
In base 14, what is -c84 - -199?
-ac9
In base 7, what is -242 + 521?
246
In base 10, what is 2199 - -913?
3112
In base 14, what is -2d6d4 + 4?
-2d6d0
In base 10, what is -4 - 2505?
-2509
In base 13, what is -6 - -162b2?
162a9
In base 14, what is -34 - -7825?
77d1
In base 2, what is 11001111011 + -100?
11001110111
In base 11, what is 0 + -21301?
-21301
In base 11, what is -36 - 14806?
-14841
In base 2, what is 10 + -11111011111011110?
-11111011111011100
In base 9, what is -5326 + 4?
-5322
In base 10, what is -232188 - -9?
-232179
In base 3, what is 1 - -1000000211?
1000000212
In base 11, what is a741 + -1?
a740
In base 7, what is 240650 - -2?
240652
In base 16, what is -208af + 3?
-208ac
In base 9, what is -3 + 35462?
35458
In base 10, what is 500 - 1933?
-1433
In base 9, what is -17526 - 20?
-17546
In base 4, what is -22 - 211220?
-211302
In base 7, what is 3356 + -61?
3265
In base 4, what is -10 + 1310321032?
1310321022
In base 8, what is 14626 - -2?
14630
In base 12, what is 290 - 86b?
-59b
In base 8, what is 50526 + -206?
50320
In base 16, what is 199 - -29?
1c2
In base 9, what is -42537 - -1?
-42536
In base 2, what is 1000100100 - -11100010?
1100000110
In base 7, what is 3 - -253216?
253222
In base 7, what is 54433 - -10?
54443
In base 5, what is -3431104 + 11?
-3431043
In base 14, what is -2a + -2a?
-56
In base 14, what is -10b - 10?
-11b
In base 12, what is 1672a + -4?
16726
In base 14, what is 6192 + -5?
618b
In base 14, what is -5c6 + da?
-4ca
In base 15, what is -b5b1c + -1?
-b5b1d
In base 4, what is -230223 + -201?
-231030
In base 11, what is 1255 + 36?
1290
In base 5, what is 302141 + 220?
302411
In base 6, what is -41 - 314154?
-314235
In base 16, what is 5b - 2507?
-24ac
In base 15, what is d5a1 + c?
d5ad
In base 9, what is -3055 + 11?
-3044
In base 5, what is -224000112 - -1?
-224000111
In base 10, what is 1798551 - 4?
1798547
In base 9, what is -2445 - 70?
-2525
In base 9, what is -18135 - -1?
-18134
In base 4, what is -13 + 23132023?
23132010
In base 11, what is 1 - -22898?
22899
In base 15, what is 1e7cee + 2?
1e7d01
In base 12, what is -28a1 + 12?
-288b
In base 5, what is -1334240 - -14?
-1334221
In base 2, what is 101 - -101101010111?
101101011100
In base 14, what is 3bc0 - -408?
41c8
In base 3, what is -210 - -110111001?
110110021
In base 4, what is -10 - 13212201?
-13212211
In base 12, what is 630 + 4a?
67a
In base 6, what is -104 + 1034?
530
In base 7, what is 21 - -13656?
14010
In base 14, what is -82c9 - 3?
-82cc
In base 9, what is 7 - -11541?
11548
In base 12, what is -59887 - 0?
-59887
In base 3, what is 10 + 200020222102?
200020222112
In base 7, what is 425154 - 14?
425140
In base 16, what is -68c + -2?
-68e
In base 4, what is 20 + -1121021?
-1121001
In base 9, what is 874 + 56?
1041
In base 16, what is -13 + -d9f7?
-da0a
In base 6, what is 43243 - -11?
43254
In base 12, what is -455 + 317?
-13a
In base 9, what is 47633 + 7?
47641
In base 3, what is -21222000 - 2?
-21222002
In base 15, what is -44c7 + 199?
-432d